uate 1 + -2 - -1 - 4.
-4
What is the value of 4 + -1 + -3 + -1?
-1
(-3 - -7) + 3 + -9
-2
Evaluate (1 - -1) + (0 - -2) + 1.
5
Evaluate -2 + (10 + -1 - (-8 - -11)).
4
What is the value of 1 - (9 + -21) - 6?
7
What is 3 + 4 + -4 + -1 + -2?
0
What is 2 - -3 - (2 + 7 + -6)?
2
Calculate -14 + 13 - (-1 + -1 + 1).
0
What is the value of (9 - 0) + -1 + -5?
3
(7 - (-5 + 10)) + 3
5
What is 1 + -3 + (-19 - -25)?
4
(-4 - (-10 + -7)) + -9
4
What is -3 - (-6 + 2 + (2 - -3))?
-4
What is 2 + 0 - ((-5 - -4) + 5)?
-2
What is the value of (1 + 0 - (-1 - -2)) + 3?
3
What is the value of -1 + (2 + -11 - (15 + -20))?
-5
What is 4 - (-1 + 1 + -3 + 5)?
2
8 - (-2 + 5 - (0 - 0))
5
What is 4 - 6 - (1 + -8)?
5
What is the value of 1 + 0 + 38 + -44?
-5
Calculate -2 + 4 - (0 + 0).
2
Evaluate -5 + (7 - (12 - 5)).
-5
What is the value of 2 - -2 - ((3 - -12) + -22)?
11
Evaluate 0 - -4 - (-5 - (-7 - -3)).
5
Evaluate (1 + -4 - 13 - -7) + 4.
-5
Evaluate -1 + 5 + (-7 - (4 + -4)).
-3
What is the value of -4 + (-3 - 0) + 2?
-5
(-14 + -1 - -11) + -1 + 0
-5
What is the value of (18 - 23) + (15 - 1) + -6?
3
Evaluate (0 - 3) + 48 + -57 - -7.
-5
Calculate -3 + 5 - (-2 + 0).
4
What is -8 - ((-24 - -13) + -1)?
4
What is 3 + -4 - (-8 - -6)?
1
Calculate (0 - -1) + (-17 + 5 - -18).
7
What is the value of 1 + (-5 - (-7 - -3))?
0
Calculate -8 + 8 - (-17 - -10).
7
Calculate (0 - 1) + 2 + -4 + -3.
-6
What is (5 - (-19 + 18)) + 1 + -8?
-1
What is (-1 - -1) + -4 + 2 - -7?
5
0 + (-3 + 1 - -1)
-1
What is (-10 - -2) + (3 + 4 - 0)?
-1
Evaluate 6 + (-9 - (-1 + -3) - 2).
-1
(7 - 13) + 3 + 6
3
What is 7 - (6 + 7 + (-11 - -1))?
4
-12 - ((13 - (-5 + 13)) + -7)
-10
What is the value of -5 - -2 - (-6 + 8)?
-5
Calculate 4 - (10 + -6 + -4 + 8).
-4
What is the value of (9 - 1) + (-34 - -24)?
-2
(5 - 2) + 1 - 5
-1
12 - ((-3 - -13) + -4) - 8
-2
(1 - (2 + 0)) + 1 + -2
-2
Calculate 0 + (5 - 3) + -1 + -1.
0
What is (3 - 5) + 3 + -1?
0
What is -3 - (3 + -8 + 2)?
0
What is the value of -5 - (4 - (7 + -4) - 4)?
-2
Calculate -7 - (5 - 20) - (4 - -4).
0
Evaluate -66 - -59 - (-1 + -1).
-5
Evaluate 2 + 2 + 2 + -12 - 0.
-6
(-4 + 0 - -2) + 4
2
Calculate (0 - 3 - -6 - 0) + -1.
2
Calculate -6 + 4 + (4 - 4).
-2
4 + 4 + -12 - -5
1
(7 + -2 - 3) + 0
2
Evaluate 3 - ((2 - 7) + 4) - 0.
4
-1 - (0 + -4 - -1)
2
What is the value of -29 + 28 + 1 + 3?
3
What is the value of (4 - 0 - 4) + -5?
-5
(-2 - 11) + 28 + -21
-6
Evaluate 3 - 4 - 2 - -6.
3
48 + -42 + (-2 - 7)
-3
-8 + 13 - (0 + 3 + 2)
0
-2 - -1 - (-7 + 8 - -1)
-3
What is the value of -1 + -7 - -6 - (-2 - 3)?
3
Evaluate 5 + 5 + -9 - -3.
4
What is -29 + 34 - (1 - -2)?
2
What is 13 + -12 + -2 - (0 - -1)?
-2
29 - 21 - (-1 + 0)
9
Evaluate 11 + -3 + -7 + -4 + 1.
-2
Calculate -5 - -3 - 3 - -5 - 2.
-2
7 + -2 + 4 - 14
-5
Calculate (46 - 40) + (0 + -12 - 0).
-6
Evaluate -2 + (2 - 7 - -4).
-3
Evaluate 50 - 57 - (-1 - 10).
4
What is -8 + (5 - 5) - (-4 + -1)?
-3
What is 4 + (4 - (2 + 2))?
4
What is -6 - ((-4 - 4 - -2) + 3)?
-3
Evaluate 7 - (-4 - (-9 + 2)).
4
What is the value of (2 - 10) + 8 + -1 + 1?
0
Evaluate 1 - (7 + 4 + -5) - -1.
-4
What is the value of 1 + -1 + (-3 - -3) + -1?
-1
Evaluate (-6 + 10 - 4) + -5.
-5
Evaluate 2 + (-5 - 3) + 1.
-5
What is the value of 2 - (-2 + 2 + -2)?
4
What is -3 - ((1 - (-5 + 3)) + -5)?
-1
Calculate 0 - (5 - (-2 + 6 - -3)).
2
135 - 142 - (-12 + 2 + -2)
5
(4 + -3 - 0) + 0
1
-4 + (5 - (4 + -6 + -3))
6
Calculate 0 + -4 + 8 + -10.
-6
Calculate -1 + 6 - (20 - 4 - 7).
-4
What is the value of -8 + 3 + 2 + 0?
-3
What is 2 - (3 + -2 - -1 - -1)?
-1
-16 + 31 + -18 - (3 + 1)
-7
3 - (9 - (-5 - -4))
-7
Calculate (-1 - -7) + -5 + 2 - 6.
-3
What is 10 - (6 + (-7 + 8 - 8))?
11
Evaluate 0 - 9 - (1 + -5).
-5
What is the value of 5 + (-4 - (2 + (-6 - -2)))?
3
(-2 - 0) + (-2 - -1) + 1
-2
Evaluate (1 + -2 - (-6 + 4)) + 1.
2
Evaluate 3 + -2 + -2 - -5 - 1.
3
What is 2 + 1 + -8 + 1 + -1?
-5
Calculate (4 - 4) + 5 + -2 + -2.
1
Evaluate -9 - (0 - (-2 - -5)).
-6
What is 8 + -2 - (2 - -5)?
-1
Calculate -2 - 1 - (-10 - -4 - -8).
-5
Calculate (-8 - -6) + 9 + 0 + -2.
5
Evaluate (8 - -1) + (56 - 61).
4
What is the value of 1 + 2 + -4 + 0?
-1
7 - (-4 - -8) - 3
0
1 + (-9 - (-11 + 7) - -1)
-3
What is the value of -14 + 11 - (-4 + -3)?
4
Evaluate 4 + (27 - 28 - (4 + 0)).
-1
-7 - (-7 + -4 + 3)
1
1 - -2 - (3 - 9 - -2)
7
Calculate (-3 - (-7 - 2)) + -1.
5
Calculate (-11 + 15 - (-1 - -3)) + 2.
4
Calculate -2 + (0 - 4) + (2 - -2).
-2
(-7 - 0) + 7 + (1 - -2)
3
Evaluate -7 + -7 + 15 - (0 - 0).
1
(-8 - 0) + 2 - (9 - 10)
-5
What is the value of 1 + (-1 - 0) + 3?
3
What is the value of -4 - (6 + (-9 - -4))?
-5
Calculate (3 - -2) + (-1 - (1 + 5)).
-2
What is -4 + -1 + (7 - 2 - 5)?
-5
Evaluate -6 - (-11 + -3 + 8 + -1).
1
What is the value of -2 + (4 - (3 + 7 - 3))?
-5
Evaluate (-1 - (4 - 9)) + 5 + -3.
6
What is the value of -24 + 24 - (-1 - 0)?
1
(0 - (-5 - -2)) + (9 - 16)
-4
Evaluate 5 - 7 - (1 + (-1 - 3)).
1
-2 - (-3 - -2 - 0) - -4
3
Evaluate -2 - 1 - ((-9 - -18) + -10).
-2
Calculate (0 - -4) + -6 + (6 - 5).
-1
Evaluate (-6 - (0 - (0 + 4))) + 2.
0
Calculate 0 + (2 - (-5 + 0) - 4).
3
What is (0 - -1) + (0 - 6)?
-5
1 + -2 + 2 - (-130 + 135)
-4
5 + (3 - 5) + 1
4
(4 - 0 - 0) + (6 - 8)
2
0 - (35 - 34 - (0 - -1))
0
What is (-9 - -3) + 5 + -3 + 9?
5
What is the value of -2 + 4 + (-17 - -4)?
-11
What is -5 + 1 - (247 + -253)?
2
What is the value of -3 - ((7 - 2) + (-22 - -7))?
7
What is the value of 8 + -11 - (1 - 3)?
-1
Calculate -5 + -4 - (-6 + -3 + 1).
-1
Calculate -1 + 0 - ((2 - 9) + 5).
1
What is -4 + 3 + (6 + -2 - 2)?
1
Evaluate (1 - 4) + -2 + 6.
1
What is the value of -1 - -4 - 4 - -4?
3
Evaluate (-4 - 1) + -2 - (0 + -4).
-3
What is the value of 3 + -4 - 4 - (-1 + -1)?
-3
What is (-1 - 0) + -3 + 4 - 0?
0
Evaluate 5 - (4 + -5 + 6).
0
-1 + (-5 - -2) + 5 + -2
-1
What is the value of 7 - (3 - (-6 + (-2 - 3)))?
-7
Evaluate -7 + 14 + -10 - (0 + 3).
-6
Evaluate -2 + (-5 - ((-3 - -6) + -6)).
-4
Evaluate 0 + -8 + 2 + (7 - 5).
-4
Calculate 5 + 0 - 6 - -6.
5
What is -5 + 4 - 3 - -8?
4
8 - 1 - (7 + -3)
3
What is the value of -2 - (-8 + 2) - 0?
4
What is the value of (14 - 16) + 5 - 14?
-11
What is -54 + 51 + (8 - -1)?
6
Evaluate 2 + 5 + -2 - (91 - 80).
-6
7 - (10 + -3 + 0)
0
1 + -6 + 5 - 0
0
1 - (-7 + 1 - -5)
2
What is the value of 11 + 11 + -9 + -22?
-9
28 + -7 - 10 - 6
5
-10 - (-5 + 0 + -1) - -3
-1
What is the value of -6 + 15 + -8 + 6?
7
What is -4 - -2 - (2 - 5)?
1
Evaluate (-3 - 0) + -39 + 41.
-1
3 + (-7 - 6) - (-1 + -2)
-7
What is the value of (3 - 4) + -3 + -12 + 11?
-5
Evaluate (-115 - -111) + (13 - (0 - 0)).
9
What is (5 - -2) + (-1 - (-2 + 4))?
4
Calculate -5 - (-3 - (7 + -7)).
-2
What is 5 - (1 + -1 + -1)?
6
Calculate -6 + 10 + -3 + -7.
-6
What is -9 + 4 - -4 - 4?
-5
Evaluate -5 - (4 + 0 - 2 - 13).
6
0 + -7 + (-8 - -9 - 0)
-6
Evaluate 2 + (-6 - -4 - (-3 + 3)).
0
Calculate (7 - 0 - 1) + -2.
4
-12 + 12 + -9 - -1
-8
What is -11 + 7 + 9 - 11?
-6
What is 3 - ((10 + -5 - 4) + 2)?
0
What is the value of -22 - -22 - (0 + -1)?
1
Evaluate (2 - 7) + (-1 - -9).
3
What is 5 - 2 - (-42 - -52)?
-7
Calculate 17 + -2 + (-9 - 1).
5
Calculate (-7 - -30) + (-35 - -22).
10
Calculate -9 + 10 - (-7 + 3) - -1.
6
-4 - (-8 - -5) - (-1 + 2)
-2
Calculate -7 - ((-5 - -7) + -5).
-4
Calculate 0 + -4 + (27 - 12).
11
What is 22 + -7 - 9 - (1 + 12)?
-7
Evaluate -7 + (1 - (5 - 13)).
2
Evaluate 13 + (-5 - 2) - 4.
2
5 - (-5 + 21 - 7)
-4
Calculate 7 + -2 + -4 + (4 - 1).
4
(2 - -1) + (-2 - (5 + -3))
-1
Calculate (2 + -1 - 0) + -3.
-2
Evaluate -2 - (2 + -5 + 1).
0
(-3 - (2 - 3)) + -6 + 3
-5
Calculate (-5 - -1) + (12 - 12) + 4.
0
What is the value of 1 + -1 + (-2 - (-8 - -3))?
3
What is the value of -6 - (1 - (-10 - -23))?
6
(4 + (-3 - 5) - 5) + 1
-8
What is the value of 3 + 0 + (2 - 2) + -3?
0
Calculate (36 - 34) + (1 - 0 - 0).
3
((-4 - 0) + 2 - -4) + -7
-5
Evaluate -5 - (-3 + -2 - -2).
-2
What is the value of -2 + -4 + (4 - 3)?
-5
What is (7 - (2 + 1) - 12) + 3?
-5
What is 6 - ((2 - -10 - 2) + 1)?
-5
Calculate (1 - 3) + 0 + 11 - 5.
4
Calculate 11 - (6 + 1) - -2.
6
Evaluate (2 - 8) + (-2 - 6 - -4).
-10
-3 - (7 + (4 - 12))
-2
What is the value of -16 + 31 + -14 + (7 - 0)?
8
4 - ((6 - 10) + 4)
4
What is the value of 0 + 3 + -5 - 1?
-3
What is the value of -2 + -1 + (1 - (-3 + 2))?
-1
Calculate 0 + -21 + 20 + (1 - -2).
2
Calculate -1 + -1 + (2 - (4 